{"id":13570,"date":"2026-03-05T08:44:29","date_gmt":"2026-03-05T07:44:29","guid":{"rendered":"https:\/\/www.m4uc.at\/?post_type=tribe_events&#038;p=13570"},"modified":"2026-07-17T11:00:14","modified_gmt":"2026-07-17T09:00:14","slug":"gerlitzen-rave-2026","status":"publish","type":"tribe_events","link":"https:\/\/www.m4uc.at\/sl\/single-event\/gerlitzen-rave-2026\/","title":{"rendered":"Gerlitzen Rave 2026"},"content":{"rendered":"<p><img data-recalc-dims=\"1\" loading=\"lazy\" decoding=\"async\" class=\"wp-image-14798 size-full aligncenter\" src=\"https:\/\/i0.wp.com\/www.m4uc.at\/wp-content\/uploads\/2026\/05\/Flyer_vorne_2026_final-Beitragsbild-scaled-e1778698876623.jpg?resize=354%2C500&#038;ssl=1\" alt=\"flyer\" width=\"354\" height=\"500\"\/><\/p>\n<hr \/>\n\n\n\n\n<hr \/>\n<h3>Die Tickets sind streng limitiert!<\/h3>\n<p>Nur Vorverkauf \u2013 keine Abendkasse.<\/p>\n<hr \/>\n<p><strong><span class=\"Y2IQFc\" lang=\"en\">Anreise<\/span><\/strong><\/p>\n<p>Kanzelbahn bis zur Mittelstation, links dem Wanderweg entlang f\u00fcr 3,2 km. (an der 1. Gabelung rechts halten, bei der 2. Gabelung den mittleren Weg nehmen)<\/p>\n<p>Liftbetrieb 9:00 \u2013 17:00 Uhr<\/p>\n<p>Eine Zufahrt mit dem Auto bis zur Mittelstation ist m\u00f6glich. Die Stra\u00dfe ist mautpflichtig und die Parkpl\u00e4tze sind begrenzt.<\/p>\n<p>Fahrpl\u00e4ne und Preise der \u00f6ffentlichen Verkehrsmittel auf <a href=\"https:\/\/www.gerlitzen.com\" target=\"_blank\" rel=\"noopener\">www.gerlitzen.com<\/a><\/p>\n<p>Lift ist f\u00fcr K\u00e4rntenCard-Inhaber kostenlos!<\/p>\n<p><strong>Shuttleservice Mittelstation \u2013 Steinwenderh\u00fctte<\/strong><\/p>\n<p>Einsatzzeiten: 16:00 &#8211; 01:00 und 03:00 &#8211; 09:00 Uhr, ca. alle 20 Minuten in beide Richtungen<\/p>\n<p>Die Benutzung ist im Ticketpreis inbegriffen.<\/p>\n<span class='mpp-trigger-popup mpp-trigger-popup-11027 '><button>Karte anzeigen<\/button><\/span>\n<hr \/>\n<p><strong>Lineup:<\/strong><\/p>\n<p><strong>Outdoor Stage<\/strong><\/p>\n<p>16:00 &#8211; 17:00&nbsp; &#8211; Warmup<\/p>\n<p>17:00 &#8211; 18:00 &#8211; Quebracho Brothers<\/p>\n<p>18:00 &#8211; 19:00 &#8211; Greg Welsh<\/p>\n<p>19:00 &#8211; 20:30 &#8211; Quebracho Brothers<\/p>\n<p><strong>Indoor Stage<\/strong><\/p>\n<p>20:30 &#8211; 22:30 &#8211; Verhoeven<\/p>\n<p>22:30 &#8211; 00:00 &#8211; Mighty Mottl<\/p>\n<p>00:00 &#8211; 02:00 &#8211;&nbsp;Tea Vuckovic<\/p>\n<p>02:00 &#8211; 03:30 &#8211; Ben Manson<\/p>\n<p>03:30 &#8211; 05:30 &#8211;&nbsp;MXI b2b Robert Stahl<\/p>\n<p>05:30 &#8211; 08:00 &#8211;&nbsp;M4UC Allstars<\/p>\n<hr \/>\n<p>&nbsp;<\/p>\n<p><strong>Quartier:<\/strong><\/p>\n<p class=\"tw-data-text tw-text-large tw-ta\" dir=\"ltr\" data-placeholder=\"\u00dcbersetzung\" aria-label=\"\u00dcbersetzter Text\" data-ved=\"2ahUKEwjxjMuR5YqGAxVyVfEDHSPmBi0Q3ewLegQIBRAU\">Wer m\u00f6chten, kann sich nach der Party ausruhen und\/oder ausschlafen. Deshalb gibt es ein paar Tickets inklusive \u00dcbernachtung.<\/p>\n<p class=\"tw-data-text tw-text-large tw-ta\" dir=\"ltr\" data-placeholder=\"\u00dcbersetzung\" aria-label=\"\u00dcbersetzter Text\" data-ved=\"2ahUKEwjxjMuR5YqGAxVyVfEDHSPmBi0Q3ewLegQIBRAU\"><strong>Unser Tipp:<\/strong> Bring jemanden mit, nimm 2 Tickets inklusive \u00dcbernachtung mit, dann bringen wir euch im selben Zimmer unter.<\/p>\n<hr \/>\n<p>&nbsp;<\/p>\n","protected":false},"excerpt":{"rendered":"<p>Die Tickets sind streng limitiert! Nur Vorverkauf \u2013 keine Abendkasse. Anreise Kanzelbahn bis zur Mittelstation, links dem Wanderweg entlang f\u00fcr 3,2 km. (an der 1. Gabelung rechts halten, bei der [&hellip;]<\/p>\n","protected":false},"author":2,"featured_media":13587,"template":"","meta":{"advanced_seo_description":"","jetpack_seo_html_title":"","jetpack_seo_noindex":false,"jetpack_seo_schema_type":"","ngg_post_thumbnail":0,"_price":"","_stock":"","_tribe_ticket_header":"","_tribe_default_ticket_provider":"Tribe__Tickets_Plus__Commerce__WooCommerce__Main","_tribe_ticket_capacity":"","_ticket_start_date":"","_ticket_end_date":"","_tribe_ticket_show_description":"","_tribe_ticket_show_not_going":false,"_tribe_ticket_use_global_stock":"","_tribe_ticket_global_stock_level":"","_global_stock_mode":"","_global_stock_cap":"","_tribe_rsvp_for_event":"","_tribe_ticket_going_count":"","_tribe_ticket_not_going_count":"","_tribe_tickets_list":"[]","_tribe_ticket_has_attendee_info_fields":false,"_tribe_events_status":"","_tribe_events_status_reason":"","_tribe_events_is_hybrid":"","_tribe_events_is_virtual":"","_tribe_events_virtual_video_source":"","_tribe_events_virtual_embed_video":"","_tribe_events_virtual_linked_button_text":"","_tribe_events_virtual_linked_button":"","_tribe_events_virtual_show_embed_at":"","_tribe_events_virtual_show_embed_to":[],"_tribe_events_virtual_show_on_event":"","_tribe_events_virtual_show_on_views":"","_tribe_events_virtual_url":"","footnotes":"","_tec_slr_enabled":"","_tec_slr_layout":""},"tags":[1132,1133,1134,1135,1136,1137,180,240,126,255,42],"tribe_events_cat":[977,990],"class_list":["post-13570","tribe_events","type-tribe_events","status-publish","has-post-thumbnail","hentry","tag-dem4uc-allstars","tag-demighty-mottl","tag-demxi","tag-dequebracho-brothers","tag-detea-vuckovic","tag-deverhoeven","tag-ben-manson","tag-gerlitzen-rave","tag-robert-stahl","tag-steinwenderhuette","tag-techno","tribe_events_cat-gig","tribe_events_cat-event","cat_gig","cat_event"],"ticketed":false,"_links":{"self":[{"href":"https:\/\/www.m4uc.at\/sl\/wp-json\/wp\/v2\/tribe_events\/13570","targetHints":{"allow":["GET"]}}],"collection":[{"href":"https:\/\/www.m4uc.at\/sl\/wp-json\/wp\/v2\/tribe_events"}],"about":[{"href":"https:\/\/www.m4uc.at\/sl\/wp-json\/wp\/v2\/types\/tribe_events"}],"author":[{"embeddable":true,"href":"https:\/\/www.m4uc.at\/sl\/wp-json\/wp\/v2\/users\/2"}],"version-history":[{"count":0,"href":"https:\/\/www.m4uc.at\/sl\/wp-json\/wp\/v2\/tribe_events\/13570\/revisions"}],"wp:featuredmedia":[{"embeddable":true,"href":"https:\/\/www.m4uc.at\/sl\/wp-json\/wp\/v2\/media\/13587"}],"wp:attachment":[{"href":"https:\/\/www.m4uc.at\/sl\/wp-json\/wp\/v2\/media?parent=13570"}],"wp:term":[{"taxonomy":"post_tag","embeddable":true,"href":"https:\/\/www.m4uc.at\/sl\/wp-json\/wp\/v2\/tags?post=13570"},{"taxonomy":"tribe_events_cat","embeddable":true,"href":"https:\/\/www.m4uc.at\/sl\/wp-json\/wp\/v2\/tribe_events_cat?post=13570"}],"curies":[{"name":"wp","href":"https:\/\/api.w.org\/{rel}","templated":true}]}}

<p><img data-recalc-dims="1" loading="lazy" decoding="async" class="wp-image-14798 size-full aligncenter" src="https://i0.wp.com/www.m4uc.at/wp-content/uploads/2026/05/Flyer_vorne_2026_final-Beitragsbild-scaled-e1778698876623.jpg?resize=354%2C500&#038;ssl=1" alt="flyer" width="354" height="500"/></p>
<hr />




<hr />
<h3>Die Tickets sind streng limitiert!</h3>
<p>Nur Vorverkauf – keine Abendkasse.</p>
<hr />
<p><strong><span class="Y2IQFc" lang="en">Anreise</span></strong></p>
<p>Kanzelbahn bis zur Mittelstation, links dem Wanderweg entlang für 3,2 km. (an der 1. Gabelung rechts halten, bei der 2. Gabelung den mittleren Weg nehmen)</p>
<p>Liftbetrieb 9:00 – 17:00 Uhr</p>
<p>Eine Zufahrt mit dem Auto bis zur Mittelstation ist möglich. Die Straße ist mautpflichtig und die Parkplätze sind begrenzt.</p>
<p>Fahrpläne und Preise der öffentlichen Verkehrsmittel auf <a href="https://www.gerlitzen.com" target="_blank" rel="noopener">www.gerlitzen.com</a></p>
<p>Lift ist für KärntenCard-Inhaber kostenlos!</p>
<p><strong>Shuttleservice Mittelstation – Steinwenderhütte</strong></p>
<p>Einsatzzeiten: 16:00 &#8211; 01:00 und 03:00 &#8211; 09:00 Uhr, ca. alle 20 Minuten in beide Richtungen</p>
<p>Die Benutzung ist im Ticketpreis inbegriffen.</p>
<span class='mpp-trigger-popup mpp-trigger-popup-11027 '><button>Karte anzeigen</button></span>
<hr />
<p><strong>Lineup:</strong></p>
<p><strong>Outdoor Stage</strong></p>
<p>16:00 &#8211; 17:00&nbsp; &#8211; Warmup</p>
<p>17:00 &#8211; 18:00 &#8211; Quebracho Brothers</p>
<p>18:00 &#8211; 19:00 &#8211; Greg Welsh</p>
<p>19:00 &#8211; 20:30 &#8211; Quebracho Brothers</p>
<p><strong>Indoor Stage</strong></p>
<p>20:30 &#8211; 22:30 &#8211; Verhoeven</p>
<p>22:30 &#8211; 00:00 &#8211; Mighty Mottl</p>
<p>00:00 &#8211; 02:00 &#8211;&nbsp;Tea Vuckovic</p>
<p>02:00 &#8211; 03:30 &#8211; Ben Manson</p>
<p>03:30 &#8211; 05:30 &#8211;&nbsp;MXI b2b Robert Stahl</p>
<p>05:30 &#8211; 08:00 &#8211;&nbsp;M4UC Allstars</p>
<hr />
<p>&nbsp;</p>
<p><strong>Quartier:</strong></p>
<p class="tw-data-text tw-text-large tw-ta" dir="ltr" data-placeholder="Übersetzung" aria-label="Übersetzter Text" data-ved="2ahUKEwjxjMuR5YqGAxVyVfEDHSPmBi0Q3ewLegQIBRAU">Wer möchten, kann sich nach der Party ausruhen und/oder ausschlafen. Deshalb gibt es ein paar Tickets inklusive Übernachtung.</p>
<p class="tw-data-text tw-text-large tw-ta" dir="ltr" data-placeholder="Übersetzung" aria-label="Übersetzter Text" data-ved="2ahUKEwjxjMuR5YqGAxVyVfEDHSPmBi0Q3ewLegQIBRAU"><strong>Unser Tipp:</strong> Bring jemanden mit, nimm 2 Tickets inklusive Übernachtung mit, dann bringen wir euch im selben Zimmer unter.</p>
<hr />
<p>&nbsp;</p>

<p>Die Tickets sind streng limitiert! Nur Vorverkauf – keine Abendkasse. Anreise Kanzelbahn bis zur Mittelstation, links dem Wanderweg entlang für 3,2 km. (an der 1. Gabelung rechts halten, bei der [&hellip;]</p>
